actor of 6204784?
True
Is 81932021 a multiple of 68?
False
Does 929 divide 27570862?
True
Is 383 a factor of 141484796?
True
Does 16 divide 2526912?
True
Is 58621977 a multiple of 3?
True
Is 596 a factor of 30617464?
False
Is 26 a factor of 1988664678?
True
Does 180 divide 1851659460?
True
Does 20 divide 43320298?
False
Is 519377885 a multiple of 333?
False
Is 21 a factor of 272492325?
True
Is 891435046 a multiple of 25?
False
Is 74 a factor of 6806331?
False
Is 9530840 a multiple of 220?
True
Is 102020528 a multiple of 1327?
False
Is 11 a factor of 20041340?
True
Is 52760514 a multiple of 697?
False
Is 402 a factor of 932332068?
True
Is 517 a factor of 72247648?
True
Is 456704616 a multiple of 2517?
True
Does 172 divide 25857025?
False
Is 193 a factor of 300812?
False
Is 45989884 a multiple of 18?
False
Is 2094 a factor of 118042803?
False
Is 108599985 a multiple of 45?
True
Does 1820 divide 105987974?
False
Is 70963154 a multiple of 31?
True
Does 76 divide 218987008?
True
Is 17 a factor of 1132311315?
False
Is 24 a factor of 22300271?
False
Is 100341052 a multiple of 76?
True
Does 771 divide 25274151?
True
Does 434 divide 85554420?
True
Is 312 a factor of 52532736?
False
Does 6 divide 44828444?
False
Is 132 a factor of 892435358?
False
Is 46610496 a multiple of 576?
True
Is 6 a factor of 11284707?
False
Does 2590 divide 21846650?
True
Is 22 a factor of 216209994?
True
Does 629 divide 82280119?
True
Is 9914834 a multiple of 107?
True
Is 2 a factor of 2302760?
True
Is 40876265 a multiple of 10?
False
Is 8 a factor of 152693106?
False
Does 762 divide 288173209?
False
Is 13 a factor of 4793152?
True
Is 53507770 a multiple of 10?
True
Does 631 divide 638723800?
False
Is 6 a factor of 725007797?
False
Is 1994743242 a multiple of 13874?
False
Is 170626957 a multiple of 67?
True
Is 22369008 a multiple of 1041?
True
Is 141147279 a multiple of 39?
True
Does 40 divide 21639200?
True
Is 2213629 a multiple of 16?
False
Does 519 divide 4008307475?
False
Does 451 divide 12960618?
False
Is 40854640 a multiple of 5?
True
Is 5835963 a multiple of 14?
False
Is 1902870 a multiple of 90?
True
Is 70681231 a multiple of 14?
False
Does 1110 divide 132704647?
False
Does 70 divide 121742137?
False
Is 4896672775 a multiple of 17?
True
Does 159 divide 1393025871?
True
Is 8530719 a multiple of 250?
False
Is 13736492 a multiple of 229?
False
Does 34 divide 2297867?
False
Is 2568492 a multiple of 3?
True
Does 341 divide 130616335?
False
Is 22291100 a multiple of 236?
False
Does 20 divide 40902940?
True
Is 6980317362 a multiple of 37?
True
Is 6725 a factor of 851304300?
True
Is 86 a factor of 23166164?
True
Is 292 a factor of 72752384?
True
Does 1654 divide 8895539?
False
Does 267 divide 433778346?
True
Does 59 divide 54661848?
True
Is 561937204 a multiple of 92?
False
Is 139326966 a multiple of 6?
True
Does 54 divide 191075686?
False
Does 18 divide 208390782?
False
Does 12 divide 113564508?
True
Does 88 divide 43609808?
True
Does 874 divide 208936692?
True
Is 190 a factor of 293292065?
False
Is 3038 a factor of 21574801?
False
Is 71773801 a multiple of 12?
False
Does 448 divide 504153495?
False
Is 70029651 a multiple of 20?
False
Does 9 divide 999390074?
False
Is 6974643 a multiple of 559?
True
Does 3 divide 5460762?
True
Is 4069 a factor of 102285071?
False
Does 1287 divide 1171567158?
False
Does 5 divide 5271248?
False
Is 415888605 a multiple of 745?
False
Is 178664296 a multiple of 38?
True
Is 11 a factor of 12898243?
False
Does 2319 divide 350022903?
True
Is 13201768 a multiple of 21?
False
Does 115 divide 78182206?
False
Does 329 divide 4078284?
True
Does 69 divide 1409511?
False
Does 136 divide 1388538240?
True
Is 374 a factor of 1814760834?
False
Is 173788065 a multiple of 121?
True
Does 7 divide 62426917?
True
Is 695 a factor of 83388922?
False
Is 20649246 a multiple of 146?
False
Is 1364968320 a multiple of 632?
True
Does 354 divide 72073338?
True
Is 1915 a factor of 14582725?
True
Does 290 divide 61696340?
True
Does 8 divide 82384235?
False
Is 47 a factor of 1497555924?
True
Does 2649 divide 206762687?
False
Is 81 a factor of 626271?
False
Does 8 divide 387401086?
False
Does 2158 divide 1020346798?
False
Does 99 divide 138921028?
False
Is 13 a factor of 6779461?
True
Is 24 a factor of 517948702?
False
Does 21 divide 1850726913?
True
Is 53657228 a multiple of 2372?
False
Does 95 divide 6461710?
True
Does 253 divide 39044731?
True
Does 134 divide 175029436?
False
Is 459 a factor of 29030118?
False
Is 11 a factor of 1854044214?
True
Does 9 divide 183602153?
False
Is 5301688 a multiple of 57?
False
Is 18883 a multiple of 821?
True
Does 3838 divide 303489850?
True
Is 2159 a factor of 2643496872?
True
Does 339 divide 54269493?
True
Is 1851 a factor of 145699493?
False
Is 1495 a factor of 9149732?
False
Does 771 divide 2292893862?
True
Is 1237035470 a multiple of 10?
True
Is 2217 a factor of 85887780?
False
Is 742 a factor of 22798692?
True
Is 903886776 a multiple of 78?
True
Is 2034082512 a multiple of 693?
True
Is 885 a factor of 262112220?
True
Is 586 a factor of 133989225?
False
Does 63 divide 366214581?
False
Is 42 a factor of 1410543?
False
Does 58 divide 122968693?
False
Is 162445363 a multiple of 66?
False
Is 24522298 a multiple of 99?
False
Is 120 a factor of 62092200?
True
Is 570728913 a multiple of 17?
True
Is 16 a factor of 68000288?
True
Does 25 divide 45830100?
True
Is 85 a factor of 382683198?
False
Is 36 a factor of 976129956?
True
Is 63423165 a multiple of 845?
True
Is 9256359 a multiple of 996?
False
Does 3411 divide 50387928?
False
Is 4091349 a multiple of 41?
True
Is 14038037 a multiple of 208?
False
Is 1127579760 a multiple of 720?
True
Does 15 divide 60170923?
False
Does 1168 divide 1593825936?
True
Is 2 a factor of 142114913?
False
Is 1161430574 a multiple of 241?
True
Is 64033540 a multiple of 212?
True
Does 280 divide 127128400?
True
Is 18062720 a multiple of 32?
True
Is 87071714 a multiple of 3?
False
Does 3801 divide 3548625003?
True
Is 7949490 a multiple of 7?
False
Is 88378488 a multiple of 72?
True
Does 159 divide 15585021?
True
Is 396049910 a multiple of 1097?
True
Is 7340 a factor of 418927876?
False
Is 442384557 a multiple of 103?
False
Is 30 a factor of 18998070?
True
Is 4546 a factor of 219141893?
False
Is 7 a factor of 32057375?
True
Does 30 divide 40969376?
False
Is 81607680 a multiple of 180?
True
Is 672 a factor of 33115913?
False
Does 279 divide 9366635?
False
Is 6 a factor of 64110672?
True
Does 2912 divide 121637152?
True
Does 176 divide 1548510480?
True
Is 1044915 a multiple of 1184?
False
Is 878 a factor of 1062732956?
True
Is 2055342 a multiple of 12?
False
Is 177791673 a multiple of 491?
False
Is 541506426 a multiple of 6?
True
Is 12 a factor of 23825016?
True
Is 530303865 a multiple of 273?
True
Is 3749808 a multiple of 24?
True
Is 7902790 a multiple of 202?
False
Does 138 divide 200521160?
False
Is 47 a factor of 128650245?
False
Does 3928 divide 3533872336?
True
Is 4833 a factor of 2091292121?
False
Is 4745048989 a multiple of 275?
False
Is 61143592 a multiple of 200?
False
Is 1810130684 a multiple of 4221?
False
Does 4 divide 69251354?
False
Does 82 divide 9312158?
False
Is 254451955 a multiple of 577?
False
Is 488 a factor of 39378638?
False
Is 2531035264 a multiple of 19086?
False
Does 9 divide 231000561?
True
Is 574565217 a multiple of 53?
False
Does 56 divide 34276464?
False
Is 1840509440 a multiple of 10?
True
Is 12 a factor of 4304558025?
False
Is 4296532 a multiple of 199?
False
Is 11218394 a multiple of 3322?
True
Does 9 divide 175251317?
False
Is 1575710787 a multiple of 485?
False
Is 66 a factor of 247866762?
True
Is 250 a factor of 21083352?
False
Does 3 divide 20604363?
True
Is 7083566 a multiple of 41?
False
Is 207 a factor of 6818166?
True
Is 113 a factor of 437690996?
False
Is 955 a factor of 295826530?
True
Is 129 a factor of 22094942?
False
Is 85 a factor of 154983560?
True
Does 207 divide 20386191?
False
Is 907478006 a multiple of 6?
False
Is 32 a factor of 75673592?
False
Is 52 a factor of 274952860?
True
Is 1477320 a multiple of 40?
True
Does 41 divide 206195127?
False
Is 967 a factor of 1242150180?
True
Is 69 a factor of 87149491?
False
Is 30076546 a multiple of 67?
False
Is 252929039 a multipl